rt -52304 (base 14) to base 13.
-6c271
5b861 (base 12) to base 14
3322d
Convert -8c57b (base 16) to base 15.
-b54cd
10001233 (base 4) to base 13
767b
What is -2020002012101 (base 3) in base 8?
-4405567
-959022a (base 11) to base 2
-1000000011001011011000011
What is 12310301223 (base 4) in base 10?
1789035
Convert -3aa47 (base 15) to base 14.
-4c6c6
What is 1232223220 (base 4) in base 13?
12b473
What is -22aae8 (base 16) in base 15?
-2ed2a1
What is 12924647 (base 10) in base 16?
c536e7
What is -12467 (base 8) in base 16?
-1537
Convert -33213330212 (base 4) to base 5.
-2022031112
What is 11311706 (base 8) in base 16?
2593c6
Convert -284eb (base 15) to base 13.
-46b68
Convert 104120104 (base 7) to base 15.
838e24
550589 (base 10) to base 12
226765
Convert -184e3 (base 15) to base 7.
-445362
-320203111 (base 4) to base 12
-b2071
Convert 600576 (base 14) to base 12.
10b80a4
Convert -4322441 (base 5) to base 14.
-1cada
1100111001110011110010 (base 2) to base 11
1a00373
What is -130c95 (base 13) in base 12?
-1a1846
-755784 (base 13) to base 9
-5156856
What is 100000000111100001 (base 2) in base 9?
220410
What is 33300112 (base 4) in base 8?
176026
221a5a (base 11) to base 5
42311430
1042211310 (base 5) to base 7
25404033
Convert 33034 (base 11) to base 16.
bb51
-1001101101001000101 (base 2) to base 13
-b19a2
-5b493 (base 15) to base 8
-1070730
-135a1a9 (base 11) to base 10
-2341469
-53b4b85 (base 12) to base 3
-1002221110200102
-2309c (base 13) to base 3
-10020120112
Convert 5a355 (base 14) to base 8.
656027
Convert 1011000110001011010 (base 2) to base 6.
11443214
What is -65531632 (base 7) in base 5?
-2414341101
What is -111001001101100101 (base 2) in base 15?
-4967b
3ac862 (base 14) to base 16
1f0256
-1c3b66 (base 16) to base 14
-3623c2
Convert -11562525 (base 7) to base 14.
-1d1315
What is 38617b (base 15) in base 7?
31660361
What is -34661 (base 10) in base 13?
-12a13
Convert -6304627 (base 10) to base 13.
-13c9864
Convert -1264634 (base 8) to base 16.
-5699c
What is 70154 (base 8) in base 11?
1a694
-100321113 (base 4) to base 12
-34073
26767274 (base 8) to base 6
333045004
-10100100000110101011 (base 2) to base 8
-2440653
Convert 111110010101000011 (base 2) to base 3.
110222012112
Convert -30502161 (base 7) to base 12.
-a32a16
-131311 (base 13) to base 8
-1601656
Convert -336423 (base 9) to base 8.
-611515
What is a8b3a (base 15) in base 13?
159b3b
-10011001001000001 (base 2) to base 7
-444401
What is 28746 (base 9) in base 5?
1111223
What is 111010010010111001001 (base 2) in base 4?
13102113021
What is -168a91 (base 11) in base 5?
-31321410
Convert 46522452 (base 7) to base 6.
223354210
What is 11121121121 (base 3) in base 13?
32470
-1123713 (base 8) to base 6
-10312255
What is 26919 (base 16) in base 11?
a8766
-109343c (base 14) to base 7
-124005305
Convert 13300330 (base 5) to base 11.
92031
What is -11233023031 (base 4) in base 9?
-2742024
Convert -11221202201210 (base 3) to base 11.
-15391a4
Convert 427a (base 11) to base 9.
7671
-449c8 (base 16) to base 7
-2250223
537633 (base 8) to base 15
38583
What is 434433142 (base 5) in base 10?
1874172
Convert 241023010 (base 5) to base 9.
2073010
What is 30232020 (base 7) in base 9?
4648013
-111332342 (base 5) to base 7
-4133661
3c58b (base 16) to base 14
66119
What is 6213a (base 15) in base 12?
12ba24
-1939971 (base 11) to base 7
-36602053
Convert 51cc2 (base 16) to base 11.
2097a4
What is -23612 (base 14) in base 16?
-150f0
What is d53c (base 15) in base 9?
67723
Convert 220102021210112 (base 3) to base 6.
1142045405
What is -142021223 (base 5) in base 15?
-e8043
Convert -32111311120 (base 4) to base 16.
-395d58
What is -b4696 (base 13) in base 9?
-543516
13310033121 (base 4) to base 2
111110100001111011001
What is 33819 (base 14) in base 8?
364217
What is -16b773 (base 13) in base 16?
-8ab27
Convert 86541 (base 10) to base 4.
111020031
Convert 17990 (base 15) to base 10.
76410
Convert -5822525 (base 9) to base 4.
-23333232131
What is -13143144 (base 5) in base 12?
-63a09
Convert 1172707 (base 8) to base 5.
40400223
What is -23246600 (base 8) in base 2?
-10011010100110110000000
Convert -18510b1 (base 13) to base 7.
-124336251
What is 21834 (base 13) in base 16?
ed2a
What is 200101100212 (base 3) in base 2?
1011000010101111010
-10001101110010111001 (base 2) to base 10
-580793
What is -791a6 (base 11) in base 4?
-130000033
-1634306 (base 7) to base 5
-24232334
-73027437 (base 8) to base 14
-20acc35
What is -12231310 (base 6) in base 2?
-1011111111100111010
Convert 44650564 (base 7) to base 10.
3877906
Convert -35455614 (base 7) to base 9.
-5815400
What is 12020112001 (base 3) in base 2?
11001001100000000
What is 2210211011222 (base 3) in base 9?
2724158
What is -2371673 (base 8) in base 4?
-2133032323
What is 451663 (base 13) in base 2?
110001110010000100101
110010221020 (base 3) to base 10
239064
Convert -222332102003 (base 4) to base 2.
-101010111110010010000011
What is 477487 (base 9) in base 6?
10055341
What is -6910610 (base 10) in base 3?
-111000002120112
111111001010110100 (base 2) to base 14
6a416
-10536572 (base 8) to base 4
-20223311322
-32233043 (base 7) to base 2
-1010011110110110011100
-1121145 (base 6) to base 13
-20111
420407 (base 10) to base 7
3400451
Convert 33313111032 (base 4) to base 10.
4158798
What is -3ac5e7 (base 15) in base 7?
-33010462
Convert 505375 (base 8) to base 3.
22110121100
What is -2b4b2ba (base 12) in base 15?
-b90c37
1130142 (base 5) to base 8
50300
Convert 620425 (base 7) to base 4.
121312003
7727d4 (base 14) to base 5
2013300401
-2255143 (base 6) to base 8
-343407
What is -110010001001011110 (base 2) in base 15?
-40cdb
Convert -2302441 (base 7) to base 8.
-1057646
-29566 (base 12) to base 14
-17102
Convert 16911 (base 11) to base 10.
23728
What is -35596 (base 11) in base 3?
-2121100120
Convert 246032155 (base 7) to base 8.
73212756
1035520 (base 7) to base 2
11110111101101010
Convert -253555 (base 10) to base 8.
-757163
What is -1706233 (base 13) in base 15?
-9be417
What is -751f8f (base 16) in base 13?
-17899b6
Convert 100013342 (base 6) to base 14.
31ac10
Convert 756712 (base 10) to base 5.
143203322
What is -26184 (base 11) in base 14?
-d933
Convert -102031310 (base 4) to base 9.
-123312
What is -100100011111111111110 (base 2) in base 12?
-498192
-1376174 (base 8) to base 9
-657136
Convert -10111110011011010001010 (base 2) to base 8.
-27633212
Convert -1365444 (base 7) to base 3.
-100100222100
Convert -100100011001010111 (base 2) to base 5.
-14232304
What is 1580848 (base 9) in base 8?
3266372
202303412 (base 5) to base 13
22a403
Convert 6475 (base 14) to base 16.
43c7
Convert -1404053 (base 6) to base 9.
-128806
3506053 (base 7) to base 16
6b326
Convert 233232232 (base 5) to base 6.
34542022
-1227524 (base 10) to base 4
-10223230010
Convert -301135 (base 6) to base 8.
-56063
Convert 47b2e (base 15) to base 7.
1641413
What is -98bbb (base 14) in base 8?
-1322541
116426 (base 8) to base 13
153c5
Convert -21133212 (base 6) to base 16.
-971a8
3a5a0 (base 16) to base 13
84a33
Convert -385755 (base 9) to base 14.
-6134d
What is 110101001100000000000 (base 2) in base 11?
a90478
-874008 (base 10) to base 14
-18a732
What is 160387 (base 9) in base 11?
68201
3423121 (base 5) to base 4
32321230
Convert -10442105 (base 6) to base 11.
-1a6a37
What is 1107b6 (base 13) in base 15?
7dd0b
-93251 (base 10) to base 6
-1555415
What is -3175365 (base 12) in base 15?
-c4d9c5
452a7 (base 12) to base 15
1c3d4
What is 175247 (base 10) in base 3?
22220101122
-9b77 (base 15) to base 10
-32962
Convert -19e879 (base 15) to base 4.
-10310220210
-1882767 (base 9) to base 11
-663219
Convert -1100000000111101111 (base 2) to base 3.
-202000001220
What is 507674 (base 8) in base 5?
20332433
What is 48e64 (base 15) in base 7?
1656361
Convert -3f0e (base 16) to base 3.
-211010212
What is -7c3a8 (base 14) in base 6?
-10252452
-22323312013 (base 4) to base 3
-12101122012011
Convert -1225b2 (base 13) to base 11.
-276a13
What is 1c5cd (base 16) in base 7?
662461
What is 12102120011 (base 3) in base 7?
623332
-343a8a (base 13) to base 2
-100101101111000100110
Convert -1101111001101110 (base 2) to base 4.
-31321232
2044410 (base 6) to base 15
1e740
24d41b (base 16) to base 11
13a9408
Conver